55 (base 8) in base 11?
-2007
9265 (base 10) to base 13
42a9
Convert 91b4 (base 14) to base 8.
60732
What is -4396 (base 10) in base 6?
-32204
132202 (base 4) to base 9
2611
Convert 541a (base 13) to base 14.
4388
Convert -51416 (base 10) to base 16.
-c8d8
2350 (base 8) to base 16
4e8
What is -11121120 (base 3) in base 10?
-3363
Convert -1414 (base 5) to base 7.
-453
-20110 (base 3) to base 7
-336
-100211220 (base 3) to base 8
-16013
What is -1342142 (base 5) in base 4?
-12302111
What is a900 (base 11) in base 7?
56660
What is -22c (base 15) in base 5?
-3432
-11010001011111 (base 2) to base 15
-3e8c
3412 (base 5) to base 4
13202
-122224 (base 6) to base 4
-2222020
1542 (base 7) to base 10
618
What is -1338 (base 9) in base 15?
-472
11001100101 (base 2) to base 9
2218
-1c96 (base 13) to base 5
-114343
Convert 13122113 (base 4) to base 7.
154340
What is -1094 (base 15) in base 9?
-4734
Convert -11101010111110 (base 2) to base 9.
-22558
What is -1135 (base 7) in base 8?
-642
-2427 (base 9) to base 15
-807
-1d1 (base 15) to base 13
-265
What is 45a (base 16) in base 4?
101122
Convert 241 (base 8) to base 15.
ab
Convert 67764 (base 8) to base 11.
1a595
What is -10477 (base 13) in base 4?
-13022113
Convert 1142 (base 8) to base 11.
505
Convert -22212110 (base 3) to base 12.
-38a9
5054 (base 6) to base 11
923
Convert -1102100 (base 4) to base 3.
-21012222
What is 5645 (base 9) in base 10?
4172
Convert 10110100100 (base 2) to base 12.
a04
Convert 57d (base 15) to base 3.
1201001
What is -1030 (base 4) in base 13?
-5b
Convert -800 (base 10) to base 8.
-1440
177 (base 13) to base 11
223
Convert -213 (base 14) to base 3.
-120011
Convert -51320 (base 7) to base 12.
-72a5
What is -1027 (base 9) in base 11?
-626
Convert 265 (base 7) to base 5.
1040
Convert 16036 (base 9) to base 6.
122440
What is -1302 (base 4) in base 16?
-72
211112 (base 3) to base 7
1526
Convert -50c (base 14) to base 12.
-6a8
Convert -1892b (base 14) to base 11.
-4278a
Convert 5233 (base 7) to base 2.
11100101101
What is 501 (base 6) in base 16?
b5
33223 (base 5) to base 3
10011200
Convert -1202011 (base 3) to base 10.
-1273
What is 31542 (base 7) in base 2?
1111010001101
What is 7 (base 12) in base 14?
7
What is -a199 (base 11) in base 12?
-7a03
What is 1113 (base 11) in base 6?
10442
-12570 (base 9) to base 10
-8487
Convert -40111 (base 8) to base 2.
-100000001001001
What is -dc1 (base 14) in base 5?
-41332
What is -11136 (base 7) in base 9?
-3773
-1567 (base 13) to base 9
-4254
What is -519 (base 16) in base 12?
-909
263 (base 16) to base 12
42b
41 (base 15) to base 7
115
Convert -10010110 (base 2) to base 11.
-127
What is -462 (base 11) in base 15?
-26c
What is -6441 (base 8) in base 11?
-2586
2343 (base 6) to base 11
476
Convert 847 (base 11) to base 2.
1111111011
10110001 (base 2) to base 12
129
What is 27a6 (base 14) in base 8?
15536
What is -b103 (base 12) in base 5?
-1103110
-12258 (base 9) to base 13
-3995
-3420 (base 5) to base 14
-269
What is -3593 (base 10) in base 6?
-24345
-1411210 (base 5) to base 6
-341534
-489 (base 15) to base 12
-719
-836f (base 16) to base 10
-33647
-12220 (base 11) to base 7
-102134
Convert -3466 (base 7) to base 12.
-8a1
Convert -1133220 (base 4) to base 3.
-22101200
-458 (base 16) to base 9
-1465
What is bb1 (base 13) in base 8?
3723
3541 (base 6) to base 3
1011121
-16c (base 16) to base 3
-111111
-12110101 (base 3) to base 15
-12a4
-23503 (base 7) to base 14
-2303
110530 (base 6) to base 14
3542
What is -54c (base 14) in base 16?
-418
Convert 4110 (base 5) to base 9.
648
-a0b6 (base 16) to base 5
-2304032
20 (base 12) to base 2
11000
1201200 (base 3) to base 10
1260
-a54 (base 11) to base 6
-5513
Convert 9008 (base 10) to base 4.
2030300
Convert -8 (base 13) to base 3.
-22
What is -4365 (base 11) in base 4?
-1121332
-110011121 (base 3) to base 13
-4066
Convert 11352 (base 7) to base 15.
d03
1011111100 (base 2) to base 3
1001022
What is -15c6 (base 13) in base 7?
-12225
8 (base 15) to base 14
8
What is 1300302 (base 4) in base 10?
7218
Convert 1362 (base 9) to base 7.
2666
What is 11 (base 13) in base 11?
13
1613 (base 8) to base 3
1020121
What is 140 (base 13) in base 3?
22012
Convert 663b (base 12) to base 4.
2300033
Convert -17584 (base 12) to base 14.
-c39a
Convert 24 (base 5) to base 8.
16
What is c0 (base 13) in base 7?
312
What is -204 (base 13) in base 12?
-246
-110101101101 (base 2) to base 15
-1042
What is -11120001 (base 3) in base 2?
-110011111010
1033112 (base 4) to base 11
38a7
What is aa61 (base 12) in base 13?
8728
Convert 20441 (base 6) to base 4.
223021
What is 130511 (base 6) in base 3?
121020221
Convert -a3d (base 15) to base 4.
-210010
What is -108 (base 16) in base 12?
-1a0
What is 808 (base 11) in base 9?
1304
What is 11010010101000 (base 2) in base 16?
34a8
What is -253 (base 12) in base 3?
-111000
1112230 (base 4) to base 7
22114
Convert -1211210 (base 3) to base 15.
-5e9
What is 634 (base 14) in base 12?
85a
What is -837 (base 14) in base 3?
-2012220
Convert 41c7 (base 13) to base 2.
10001110100000
6683 (base 9) to base 4
1031013
1001000110 (base 2) to base 4
21012
What is -21353 (base 6) in base 8?
-5605
Convert -c50 (base 14) to base 6.
-15114
-16708 (base 10) to base 16
-4144
Convert -5be (base 15) to base 3.
-1210022
66333 (base 7) to base 2
100000011111011
12001 (base 5) to base 14
468
Convert -108 (base 10) to base 13.
-84
e37 (base 15) to base 11
2451
What is -1844 (base 13) in base 9?
-4845
What is -dbc (base 15) in base 12?
-1966
Convert 101010110 (base 2) to base 4.
11112
221021 (base 3) to base 8
1252
Convert 258 (base 12) to base 8.
544
Convert -8155 (base 9) to base 16.
-174b
Convert 420 (base 8) to base 16.
110
Convert 4766 (base 16) to base 7.
104201
Convert 3 (base 15) to base 3.
10
4441 (base 6) to base 15
48d
What is -10101122 (base 3) in base 10?
-2474
-104531 (base 6) to base 8
-21207
Convert -11101101101000 (base 2) to base 10.
-15208
Convert -298 (base 13) to base 10.
-463
11364 (base 7) to base 8
5571
94c (base 16) to base 9
3234
Convert 45d (base 15) to base 4.
33130
-119ab (base 13) to base 6
-410032
What is 2320313 (base 4) in base 16?
2e37
12368 (base 9) to base 13
3a34
Convert -4aa (base 11) to base 14.
-312
Convert -213234 (base 7) to base 15.
-b02c
What is -c5 (base 13) in base 10?
-161
Convert 30021 (base 8) to base 2.
11000000010001
-21011100 (base 3) to base 14
-1c8c
-6464 (base 14) to base 4
-10032320
What is -153 (base 12) in base 7?
-414
-14505 (base 6) to base 8
-4451
Convert -358 (base 10) to base 7.
-1021
862 (base 15) to base 6
12432
-3a04 (base 14) to base 2
-10011111010100
Convert 114133 (base 7) to base 16.
50ad
1001 (base 12) to base 5
23404
What is 1045 (base 6) in base 14?
137
Convert 2b48 (base 12) to base 9.
6882
What is -1350 (base 11) in base 13?
-a47
Convert 1460 (base 7) to base 13.
359
-5789 (base 12) to base 2
-10011000011001
109 (base 12) to base 16
99
Convert 456 (base 13) to base 10.
747
Convert 2a88 (base 12) to base 10.
5000
Convert 31241 (base 5) to base 11.
1613
Convert -1210 (base 4) to base 11.
-91
What is 1869 (base 10) in base 9?
2506
Convert 10202000 (base 3) to base 13.
131a
Convert -28c (base 14) to base 16.
-204
Convert 2a1 (base 14) to base 12.
385
Convert -43a (base 11) to base 5.
-4102
3a2 (base 12) to base 14
2b8
What is -3391 (base 11) in base 2?
-1000101101000
Convert -10053 (base 6) to base 12.
-929
Convert 10223 (base 9) to base 5.
203434
-101121120 (base 3) to base 16
-1e39
-6ff5 (base 16) to base 12
-14705
-22242 (base 5) to base 6
-11140
87e1 (base 16) to base 7
203262
Convert 200121 (base 3) to base 7.
1315
1113 (base 7) to base 2
110010010
What is 4636 (base 9) in base 3?
11201020
What is 1244a (base 11) in base 9?
26423
-7542 (base 9) to base 5
-134141
-408 (base 9) to base 6
-1312
What is -10301 (base 4) in base 16?
-131
What is -10484 (base 13) in base 3?
-1111020212
Convert -11266 (base 7) to base 10.
-2890
Convert -1c6 (base 15) to base 14.
-215
373 (base 9) to base 4
10311
-2cd (base 16) to base 2
-1011001101
-23b (base 15) to base 5
-4011
What is -1450 (base 13) in base 11?
-2231
-191a3 (base 13) to base 10
-48636
-2191 (base 13) to base 15
-15c1
Convert -1122202002 (base 3) to base 6.
-411002
What is 28b7 (base 13) in base 16?
